79)). Let s = 431 - a. What is the hundreds digit of s?
3
Let b(d) = 2299*d**2 + 45*d - 36. What is the thousands digit of b(1)?
2
Let l(q) = -1042*q + 4464. What is the hundreds digit of l(-21)?
3
Suppose -7*m = -9*m - 8*m. Let o be m/5*(-2)/(-4). Suppose 2*u - 4*u + 2 = o, -5*t = u - 681. What is the hundreds digit of t?
1
Suppose -t = 4*b - 2*b - 53, b - 2*t = 19. Suppose -67 = 6*a - b. What is the units digit of (3 + a)*(-5)/10?
2
Suppose -9800 = -4*g + 4*v, 72*v = 3*g + 67*v - 7360. What is the thousands digit of g?
2
Suppose 4*l - 3*k + 71 = 323, -2*l + 136 = -4*k. Suppose 67*o - 868 = l*o. What is the tens digit of o?
2
Let k(f) = -17*f**3 - 4*f**2 + 12*f - 7. What is the tens digit of k(-5)?
5
Suppose -5*w = -4*w + 3*n - 77, n = 0. Let d = 43 - w. What is the units digit of (d/2)/((-4)/16)?
8
What is the hundreds digit of (0 - 1)/(5/35) + 2078028/142?
6
Suppose 2*p = 3*w + 6*p + 574, w - 5*p = -223. Let n be 36/w - (-24)/11. Suppose -4*k - 349 = -9*k + 3*m, -n*k + 2*m + 142 = 0. What is the units digit of k?
8
Suppose 10*r = 8*r + 4. Suppose -5*y + 4029 = 2*a - 881, 0 = -r*y + 3*a + 1964. What is the tens digit of y?
8
Let p = -2 - -3. What is the hundreds digit of 409 + p + (-10 + 32)/(-11)?
4
Let s = 269 - 271. What is the tens digit of s + 3 - 6/(18/(-597))?
0
Suppose 5*r - 57179 = -5*n - 1479, -r - 44550 = -4*n. What is the tens digit of n?
3
Suppose 0*o - 4*o = -w + 22, -8 = 3*o - 5*w. What is the units digit of (-1 + -8)/(8/(-98 + o))?
7
Suppose 7*i + 5*t = 5*i + 78, -2*i + 5*t + 58 = 0. Let w(a) = 10*a + 225. What is the units digit of w(i)?
5
Suppose 4*k - 2*l = 149046, -6*k = -139*l + 142*l - 223527. What is the units digit of k?
8
Suppose 3*g - 16 = 2*t - g, -g = -3*t - 9. Let w(m) = -118*m**3 - 4*m**2 - 6*m. What is the hundreds digit of w(t)?
9
Let t(r) = 10*r + 17. Let f(s) = 10*s + 16. Let v(m) = 5*f(m) - 6*t(m). Let p be v(-4). Suppose p*l - 25 = 17*l. What is the units digit of l?
5
Let n(a) = a**3 + 18*a**2 + 17*a + 5. Let p be n(-17). What is the tens digit of -2 + p + (-6 - -43 - -6)?
4
Let i(k) = 2*k + 65*k**2 + 2 + 48*k**2 - 60*k**2. Let w be (-4)/6 - (-1)/(-3). What is the units digit of i(w)?
3
Suppose -24*a = 55*a + 7*a - 4494790. What is the hundreds digit of a?
2
Let h(p) = 16*p**2 + 18*p - 190. What is the thousands digit of h(-20)?
5
Let d(q) = 2*q**3 - 17*q**2 - 7*q + 3. Let z be d(7). What is the tens digit of -3*((z/3 - -4) + 4)?
6
Suppose -12*k - 16476 = -49416. Let q = k + -1858. What is the hundreds digit of q?
8
Let o = 6160 + -6162. Let y(w) be the second derivative of -21*w**5/20 - w**4/6 + w**3/2 + 2*w**2 + w. What is the units digit of y(o)?
8
Let v(c) = 2*c**3 - 41*c**2 - 23*c + 27. Let f be v(21). Let u = f + 313. What is the hundreds digit of u?
2
Let m(k) = -k**3 - 11*k**2 + 81*k + 3. What is the hundreds digit of m(-18)?
8
Let n = 5495 - -1679. What is the tens digit of n?
7
Suppose 5*d + 3*i = 332745, -66541 = -d - 5284*i + 5285*i. What is the ten thousands digit of d?
6
Suppose -5*l = -3*n - 5569, 3*l - 8*n - 3339 = -5*n. What is the tens digit of (-7 - l/(-25))*(-15)/(-6)?
9
Let t(x) = x + 41. Let w be t(-36). What is the hundreds digit of ((-89)/3)/(w/(-75))?
4
Let h be (30/(-20))/(2/(-8)). What is the hundreds digit of ((-128)/(-6))/(h/(-378)*-6)?
2
Suppose 107*g - 125*g = -529092. What is the hundreds digit of g?
3
Let w(x) = x**3 + x**2 - 27*x + 1635. What is the thousands digit of w(0)?
1
Suppose -3*z = -3*r + 18, -6 - 3 = -4*r - z. Suppose r*j - 3602 - 1375 = 0. What is the thousands digit of j?
1
Let w = 19400 - 11289. What is the tens digit of w?
1
Let q be 27 + 4 + 0 - 3. Let p = -22 + q. What is the tens digit of 356/6 + (-8)/p?
5
Suppose 0 = -136*n + 132224 + 11392. What is the units digit of n?
6
Let y(z) = 17 - 44 - z**2 + 2*z**2 + 40. What is the units digit of y(8)?
7
What is the tens digit of ((-12)/(-10))/((-1608)/(-40832480))?
7
Let n be (-117)/(-27) + 6/9. Suppose -n = 5*x, 18 = m + 4*m + 2*x. What is the units digit of m?
4
Let u be 7/14 - (-447)/2. Suppose -4*a + 256 = -u. What is the hundreds digit of a?
1
Suppose -36*f - 5*f + 589540 = 29*f. What is the units digit of f?
2
Let x(o) be the first derivative of 2*o**3/3 - 21*o**2/2 - 25*o + 66. What is the units digit of x(18)?
5
Suppose 38*k + 2*a = 34*k + 14318, -14325 = -4*k - a. What is the thousands digit of k?
3
Suppose 4*c - 250 = -234. Suppose -c*s + 68 = -100. What is the units digit of s?
2
Let z be (0 - 12)*(-3 - (-48)/18). Suppose -15*x + 17*x + z*s = 1014, 0 = 3*x + 2*s - 1501. What is the hundreds digit of x?
4
Let r(c) = -17*c + 142. Let u be r(-10). Let l = -188 + u. What is the hundreds digit of l?
1
Let v(w) = -2*w**3 - 2*w**2 + 2*w + 2. Let s be v(-1). Suppose 13*z - 4412 - 2491 = s. What is the units digit of z?
1
Let j(q) = -q**2 - 13*q - 19. Let n be (0 - 12) + 3*(1 + 0). Let s be j(n). Suppose 16*o = s*o - 74. What is the units digit of o?
4
Let w be (-861)/(-14)*((-5)/(-3) + -1). Suppose 2*p - w = 79. What is the units digit of p?
0
Suppose 10*c = -3*x + 3*c + 56501, -18836 = -x - 2*c. What is the units digit of x?
0
What is the units digit of 0 + 1 - (718400/(-112) + 4/14)?
5
Let i = -93 - -91. Suppose 36 = -5*z - z. What is the tens digit of i/z + (-560)/(-3)?
8
Let o(r) be the second derivative of r**4/6 - 4*r**3/3 + 7*r**2/2 + 2*r - 14. What is the tens digit of o(-12)?
9
Let m be (-4*(-5)/(-14))/((-2)/7). Let v(j) = 14*j**2 + 2*j - 10. Let s be v(m). Suppose -l = 13*l - s. What is the units digit of l?
5
Suppose -21751 = -o + 2*l, 1206*o - 1203*o = -4*l + 65333. What is the ten thousands digit of o?
2
Suppose 4*l - 4*k - k = 29, 0 = -2*l + 2*k + 14. Let q = -16 + 22. What is the units digit of (-4)/l*(-81)/q?
9
Suppose 141*q - 1018468 = -17*q. What is the units digit of q?
6
Let i(f) = -f**3 - f**2 + f + 1. Let r(s) = 5*s**3 - 11*s**2 - 26*s - 30. Let q(t) = 6*i(t) + r(t). Let d be q(-16). What is the tens digit of 2 + 0 + d + -3?
3
Suppose 3*z - 3288 = 5*x, -1904 - 1384 = -3*z - 4*x. What is the tens digit of z?
9
Let j = 2926 - 1662. What is the hundreds digit of j?
2
Suppose -5*f = 5*t - 339430, 336*f - 338*f + t + 135799 = 0. What is the hundreds digit of f?
8
Let h(b) = -b**3 + 5*b**2 - 21*b - 16. Let t be h(-8). Suppose 0 = -3*k - t + 3672. What is the tens digit of k?
9
Suppose m - 4*x = 15633 + 13379, 0 = 3*x - 12. What is the hundreds digit of m?
0
Let o(t) = -1943*t - 38. What is the thousands digit of o(-2)?
3
Let i(u) = -60*u + 43. Let o(h) = h + 19. Let j be o(-24). What is the units digit of i(j)?
3
Let q(v) = 3293*v**3 + 3*v**2 + 4*v - 7. Let p be q(1). Let j = p - 2243. What is the hundreds digit of j?
0
Suppose -a = 0, 0 = l - 5*a + 2*a - 3. Suppose 4*f + 71 = l*h - 0*h, -f - 4*h = -6. What is the units digit of ((-21)/f)/(2/4)?
3
Let w = -24 + 28. Suppose 0 = k - w - 1. What is the hundreds digit of 5/(-4)*(-440)/k?
1
Let z = 121 + 217. Suppose -6*k = -190 - 476. Let a = z - k. What is the tens digit of a?
2
Suppose 34*r + 9462 + 3594 = 0. What is the thousands digit of (r/(-56))/((-2)/(-469))?
1
Let n(m) = -728*m - 2. Let d be n(-3). Let h be 3 - (d/(-22) + 22/121). Suppose i - h = 36. What is the units digit of i?
8
Suppose -2*q - 148778 = -0*q - 16*q. What is the tens digit of q?
2
Let l(o) = 13*o**2 - 10*o - 10. Let t(g) = 26*g**2 - 21*g - 21. Let h(n) = 5*l(n) - 2*t(n). What is the units digit of h(-7)?
5
Suppose 2*w + 130 = -4*d, 127 + 29 = -5*d + 4*w. Let l = d - -35. Suppose 0*g - l*o + 424 = 2*g, g - 214 = -2*o. What is the tens digit of g?
0
Suppose -3*d + 3 = -2*s - 3, -s = 4*d - 8. Suppose -w - 4 = -3*w, -4*z + 1192 = d*w. What is the tens digit of z?
9
Let t(w) = -734*w**3 - 21*w**2 - 80*w + 17. What is the tens digit of t(-4)?
7
Let d = -27 + 25. What is the tens digit of (1*-64*(d - -1))/1?
6
Suppose -5*o + k = -1185, -k + 969 = 4*o - 6*k. Suppose -3*w - o = -7*w. Let l = 351 - w. What is the hundreds digit of l?
2
Let q(p) = -p**3 + 3*p**2 + 13*p - 31. Let r be q(4). Suppose 4*v = 5*h + 1895, r*v - 5*h + 405 - 2775 = 0. What is the hundreds digit of v?
4
Suppose 36*g = 84*g - 43*g - 210515. What is the thousands digit of g?
2
Suppose -2*l + 482 = 2*p, -9*l + p + 719 = -6*l. Let g = 94 + l. What is the tens digit of g?
3
Let z = 53 - 57. Let m be 1*1/(1/